e -1080 = 219*o - 227*o. What is the highest common divisor of 108 and o?
27
Let d(c) = -43*c + 738. Let z be d(11). What is the highest common divisor of z and 848?
53
Let f be 31/(((-18)/12)/(-3)). Let q be (-2)/(-5) - 153/(-5). Calculate the greatest common divisor of f and q.
31
Let u(c) = c**3 - 14*c**2 + 4*c - 22. Let s be u(7). Let z = 347 + s. What is the greatest common factor of 25 and z?
5
Suppose -12*g - 6*g = 1422. Let t = 106 + g. What is the greatest common divisor of t and 459?
27
Let v be (-51)/5*(-110)/11. Let d be 7 + 4/(24/v). Suppose 2*y = -2*p + 16, 0 = 5*p - 3*y - 36 - 36. What is the highest common divisor of p and d?
12
Let k = 186 + -126. Suppose -5*m + 5*q = -420, -3*m + 90*q = 85*q - 260. Calculate the highest common factor of m and k.
20
Let u(m) = 12*m**2 + 443*m + 89. Let b be u(-37). What is the greatest common divisor of 684 and b?
18
Let g be (-1 - -7)/((-3)/(-50)). Let i = 108 - g. Suppose -i*j + 185 = -55. Calculate the highest common divisor of j and 270.
30
Let q(i) = 4*i**2 - 25*i + 28. Let m be q(5). Calculate the highest common factor of 11 and m.
1
Suppose -3*u - u + 8 = 0. Let w be (-18 + 28)/(2 - 0). Suppose -x - 1 = w*m, 0 = -0*x + 5*x - u*m - 49. Calculate the greatest common factor of x and 45.
9
Let b(f) = 2*f - 15. Suppose -2*s + 4*s = 8. Let n be (-532)/(-36) - s/(-18). Let o be b(n). Calculate the highest common factor of o and 3.
3
Let s(a) = 9*a**2 + 54*a - 549. Let v be s(9). What is the greatest common factor of 592 and v?
74
Let z be ((-8610)/60)/(0 + (-4)/64). Calculate the highest common divisor of z and 21.
7
Suppose 6*w = w + 160. Suppose 0*i - 2*i = w. Let u be (-44)/i + 4/(16/1). Calculate the highest common divisor of 24 and u.
3
Let i(h) = 17*h - 37. Suppose 7*z = 9*z - 18. Let y be i(z). What is the greatest common divisor of y and 29?
29
Suppose 4*t + 4*h = -32692, -6*h + 9*h = 4*t + 32713. Let s be (t/(-168))/((-2)/(-3) + 0). What is the highest common divisor of 511 and s?
73
Suppose 4*w = -4*w + 40. Let f(x) = -x**2 + 10*x - 21. Let c be f(w). Suppose -3*l = -78 - 6. Calculate the highest common divisor of c and l.
4
Let a be -81 - -71 - (0 + -835). Calculate the highest common divisor of 33 and a.
33
Suppose 264*v = 266*v + 2*o - 78, 0 = -4*v + 5*o + 192. What is the greatest common factor of v and 1591?
43
Let x(h) = 2*h**2 - 85*h + 1124. Let v be x(29). What is the greatest common factor of v and 434?
31
Let b = -38 - -73. Suppose 5*l + 130*c - 383 = 131*c, 2*c - 4 = 0. What is the greatest common factor of l and b?
7
Suppose 16 = -l + 3*d, 30*l - 18 = 33*l - 3*d. Let a be l/(1/40)*(-246)/164. Calculate the highest common divisor of a and 20.
20
Let t be (458737/1454)/((1/10)/1). What is the greatest common factor of 5 and t?
5
Suppose 3*x - 5*x + 20 = 0. Let y be 1/(x/(-4))*-5. Suppose 0 = -5*f + 3*d + 67, -3*d + 2 = y*f + 2*d. Calculate the highest common factor of 77 and f.
11
Suppose -3*r = 3*j - 195, -40*r = -4*j - 42*r + 270. Let u be 16/(-56) - (-564)/14. Calculate the highest common factor of j and u.
10
Let u(p) be the third derivative of -7*p**6/120 + p**2 + 3*p. Let m be u(-2). What is the highest common divisor of m and 224?
56
Suppose -973*n - 871 = -978*n - 3*t, -t = 5*n - 887. What is the highest common divisor of n and 53342?
179
Suppose 2*d - 2 = 10, -188 = -5*y + 2*d. What is the greatest common divisor of y and 290?
10
Let b be (-21 - -1)*20/(-8). Let f be (1 + -4 - 12)*(-86)/129. What is the greatest common factor of b and f?
10
Let w(h) = 69*h - 545. Let p be w(8). Let c(k) = -k**2 - 6*k - 1. Let d = 1 - 5. Let y be c(d). Calculate the greatest common divisor of y and p.
7
Let n(i) = -i**3 - 3. Suppose -13 = 2*c - b, -b + 5 = -c - 4. Let g be (34/(-51))/(c*(-2)/36). Let s be n(g). Calculate the greatest common factor of 3 and s.
3
Suppose -4*p + 54 = -2*c, -3*p - 23 = -c - 61. Let g(v) = -v**2 + 13*v - 3. Let k be g(9). What is the highest common divisor of k and p?
11
Let o be 1486/4 + (-3)/(-6). Let c(i) = -i**3 + i**2 + 15*i + 28. Let t be c(-4). Calculate the highest common factor of o and t.
12
Let t(b) be the first derivative of -9*b**2/2 - 4*b - 9. Let a be t(-4). What is the greatest common divisor of 272 and a?
16
Let p(n) = -3*n - 7. Let u be (4/6)/((-5)/30). Let z be p(u). Let x = 9 - -6. Calculate the greatest common divisor of z and x.
5
Suppose d - t - 2*t = 195, 0 = 2*t + 2. Let f = -116 + d. Let j be ((-3)/(18/(-8)))/(f/570). What is the greatest common factor of 90 and j?
10
Let u = 3801 - 3626. What is the greatest common divisor of u and 2?
1
Suppose -3*t + 14 = -t. Let o = -693 - -696. Let z be 70/o*45/30. Calculate the greatest common factor of t and z.
7
Suppose 2*r - 14 = -3*y, -2*y + 10 = -7*y + 5*r. Suppose 0*l = y*a + 2*l - 170, a = 2*l + 94. Calculate the highest common factor of a and 11.
11
Let h = 8421 - 8277. What is the highest common factor of 804 and h?
12
Let v(u) = -3*u + 1. Let q be v(-2). Let d(o) = -3*o - 67. Let g be d(q). Let l = g - -106. What is the greatest common divisor of l and 2?
2
Let m be 268/24 + (-1)/6. Suppose -484 = -11*a + m. Suppose -1672 = 41*p - a*p. What is the highest common divisor of 38 and p?
38
Let g = 169 - 219. Let r = g + 62. Calculate the highest common divisor of r and 20.
4
Let b = 17 - -3. Suppose 0 = 139*w - 14219 + 3099. What is the greatest common factor of w and b?
20
Suppose -3*r = -8*r - 35. Let l(s) = -s**3 - 4*s**2 + 4*s - 12. Let d be l(-6). Let t be (d - 2) + 28/r. What is the greatest common factor of 6 and t?
6
Suppose -21*f + 27*f = 30. Let j = 35 + f. Let t = -3 - -19. Calculate the highest common divisor of t and j.
8
Let l = -440 + 449. Suppose l*i = -7*i + 32. What is the greatest common divisor of 2 and i?
2
Suppose -2*x - 816 = -15*x + x. Calculate the greatest common factor of 1 and x.
1
Let g be (2 + 3/6)/((-2)/(-136)). Suppose 3*m = -4*j + g, -m + 18*j = 22*j - 70. Calculate the highest common divisor of m and 10.
10
Suppose 5*z = 2*t + 292, 0 = 3*z + 5*t - 49 - 120. Suppose 2*h - 3*w - 119 = 0, 3*h - 19*w - 175 = -18*w. Calculate the highest common divisor of z and h.
58
Let t = -806 + 886. Calculate the greatest common divisor of t and 3280.
80
Suppose -5*a = -0*a - 30. Let v be (-6)/(a*3/(-12)). Suppose i - 3*i + 10 = 4*w, -6 = -5*w + v*i. What is the greatest common divisor of w and 18?
2
Suppose -20*p = 7*p - 1728. What is the greatest common factor of p and 608?
32
Let j(h) = h**2 - 6*h + 4. Let u = 15 - 8. Let o be j(u). Suppose -c = 4*b + 942 - 1043, 6*c = -3*b + 480. Calculate the highest common divisor of c and o.
11
Suppose 0 = -5*y + 15*m - 12*m + 6502, 0 = 5*y - 4*m - 6496. Calculate the greatest common factor of y and 3097.
163
Suppose 24 = 8*f - 5*f. Suppose 3*b - f*b = 0. Suppose b*m + 2*m = -o + 78, -4*o - 2*m = -312. What is the greatest common factor of 52 and o?
26
Suppose 0 = -2*r - 2, 14*h + 282 = 9*h - 2*r. Let f = 51 + 9. Let t = f + h. What is the highest common factor of 12 and t?
4
Let c = 74 + 6. Let s be (-26)/6*-14 + (-4)/6. What is the highest common divisor of s and c?
20
Let p(m) = 37*m**2 - 19*m + 159. Let k be p(9). Suppose 0*g + 3*g - 2253 = u, -4*g = 5*u - k. What is the greatest common factor of 25 and g?
25
Let i = 188 + -170. Suppose 2*m - 24 = i. Calculate the greatest common divisor of 21 and m.
21
Suppose 109*q - 38 = 107*q - 2*p, 0 = -q + p + 9. What is the highest common factor of 4354 and q?
14
Let p(n) = -4*n + 106. Suppose -6*r - 2*r + 184 = 0. Let z be p(r). What is the greatest common factor of z and 21?
7
Let a be (-23820)/(-100) + (-18)/(-10) - 5*-1. What is the greatest common divisor of a and 315?
35
Let w = -1375 - -1382. Let h(r) = 5*r**2 - 6*r + 7. Let o be (3 + -4)/(2/(-8)). Let k be h(o). Calculate the greatest common divisor of w and k.
7
Suppose -4*w - 4*q + 63164 = 0, -32*w + q - 47361 = -35*w. Calculate the greatest common factor of 70 and w.
35
Let m = -10493 + 10925. What is the highest common divisor of m and 252?
36
Suppose 0 = -4*l + 5*l - 351. Suppose -10*h = 114*h - 1329 - 903. What is the highest common divisor of l and h?
9
Let x be (-8)/10 + (-21)/60*-8. Suppose x*a + 12 = 20. Calculate the highest common factor of 11 and a.
1
Let i be 115368/32 - (-230)/(-184). Calculate the highest 